r?
True
Let y(s) = -113*s + 58. Is y(-13) a prime number?
False
Is ((-1)/2)/(0 + (-2)/524) a composite number?
False
Suppose 3*o + 100 = -2*o. Let w be (o/6)/((-4)/6). Suppose -107 = -4*t + w*g, -4*g + 33 = 2*t - 53. Is t a composite number?
True
Suppose -q - 51 - 97 = 0. Let d = q + 275. Is d prime?
True
Let c be (1 - -56)/(-3) - -1. Is (-4)/c + 4220/45 prime?
False
Suppose -w + 4 = 0, -2*s + 316 = 2*s - 4*w. Is s a composite number?
False
Suppose -65 = 13*z - 14*z. Is z a composite number?
True
Let o(s) = 2*s**2 + 11*s + 5. Let j be o(13). Suppose 3*i - j + 39 = 0. Is i composite?
False
Suppose 0 = 5*f - 3*k - 2060, 1232 = 3*f + 5*k - 6*k. Is f prime?
True
Let f(n) = 2*n - 11. Let w be f(10). Suppose -w*d + 5*d + 2164 = 0. Is d prime?
True
Suppose -5*k + 228 = -a - 1205, -5*k = 5*a - 1445. Is k a composite number?
True
Let w = -2894 - -4867. Is w a prime number?
True
Let p(w) = 2*w**2 - 3*w + 1. Let s be p(5). Let r = s + 1. Is r prime?
True
Let i be (17/1)/((-2)/(-10)). Suppose -i - 14 = 3*w. Let l = 80 + w. Is l composite?
False
Let p(q) = q - 6. Let d be p(5). Let w(y) = -4*y + 1. Let t be w(d). Suppose -189 = t*j - 634. Is j composite?
False
Let a(q) = 2*q**2 + 3*q - 3. Let h be a(-3). Let y be (-1 - -2)*h - 1. Suppose -y*r = -5*z - 0*z + 45, z + 4*r - 14 = 0. Is z composite?
True
Let p(a) be the second derivative of 11*a**6/180 - a**5/120 - a**4/6 + 2*a**3/3 + 3*a. Let x(v) be the second derivative of p(v). Is x(3) a prime number?
True
Suppose 2*a - 2 = 3*a - f, -5*a - 3*f = 42. Let x(m) = m**3 + 8*m**2 + 5*m - 7. Is x(a) a prime number?
False
Let q(u) = u**2 - 9*u - 2. Let c be q(-6). Suppose 3*v + v - c = 0. Is v/1 - (-4)/4 prime?
True
Let w = -7 - -3. Let i be 1 + w + (-6)/(-2). Suppose -s - 94 = -3*s + 4*c, 2*s + 4*c - 94 = i. Is s a prime number?
True
Is 129 - 2/(-2) - 3 a prime number?
True
Suppose -p = -2*p - 4*i + 16, 4*p + 3*i = 25. Is 47 + (-2 + p - 0) a prime number?
False
Let h(g) = g**3 - 10*g**2 + g - 8. Let z be h(10). Suppose -5*w + 253 = -z. Is w a composite number?
True
Let y be (-80)/(-14) + (-4)/(-14). Suppose 3*s + 3*n - y = -0*s, 3*n = 5*s - 42. Is (26 - 1) + s/(-3) a composite number?
False
Suppose 4*d + 12 = 0, -r - 3*d + 16 = -7*d. Suppose 2*y - 190 = -4*b, 3*b = -0*y - r*y + 145. Is b composite?
False
Suppose -4*r + 0*r + 184 = 0. Suppose t = -t + 42. Let c = r + t. Is c prime?
True
Suppose -4*u = -4*p - 2856, -2*p + 6*p = 3*u - 2138. Is u a composite number?
True
Suppose -2*v - 4 = -2*y, -3 + 6 = 2*v + 5*y. Let x(n) = -25*n + 18*n - 30*n. Is x(v) a prime number?
True
Suppose -5*o = -r - 6 - 12, -4*o - r + 18 = 0. Suppose o*b + j = -0*j + 97, 0 = -b - j + 22. Suppose 0 = -2*x - 3*x + b, -2*g + 47 = 5*x. Is g composite?
False
Suppose k - 4*c = -10, 3*k = 2*k - 3*c - 31. Let l be 4/(-1 - 23/k). Let z = -51 + l. Is z composite?
False
Let d(o) = 2*o**2 + 1. Let a be d(4). Let v(l) = l**3 + 7*l**2 - l - 5. Let w be v(-7). Let b = w + a. Is b composite?
True
Let s = 10 - 5. Suppose 39 = -s*i - 206. Let h = 71 + i. Is h composite?
True
Let b be 5/2*(-2)/(-1). Suppose 107 = -0*o + 5*o - 3*m, 5*o = -b*m + 75. Is o a composite number?
False
Let m(f) = 74*f - 1. Let i(g) = g. Let l(k) = i(k) - m(k). Is l(-4) a composite number?
False
Let j(k) = 9*k**2 - 5*k + 18. Is j(-8) composite?
True
Let a = -453 + 644. Suppose -q - a = -2*q. Is q a composite number?
False
Let c(s) = -58*s - 3. Let r(i) = 59*i + 3. Let l(p) = 5*c(p) + 4*r(p). Let h be l(-5). Suppose -7*o + h = -2*o + d, 218 = 4*o + 3*d. Is o a prime number?
True
Let t = 1086 - 385. Is t composite?
False
Let y = -17 - 18. Is 6/(-14) - 785/y composite?
True
Suppose 2*k + 47 = 141. Suppose -2*x = -5*u - k, u - 3*u = 6. Let a = 73 - x. Is a a composite number?
True
Let k(h) = -h**2 - 4*h - 6. Let g be k(-8). Let n be (7 + 1)/(4/18). Is 5/(1 + n/g) a prime number?
False
Is 1/(-7) - 16716/(-49) a prime number?
False
Suppose -2*r + 14 = -5*r - 5*w, -3*w = 3*r + 6. Suppose -r*z + 3*z = 22. Is z a composite number?
True
Let j = -187 + 262. Suppose u = -2*k + j, -2*u + 5*k = -0*u - 123. Is u a prime number?
False
Let l(d) = d**2 + 6*d + 4. Suppose -2*y = -6*y - 24. Let p be l(y). Suppose 0*i - p*i = -84. Is i prime?
False
Let h = -3 + 5. Suppose h*k + 84 = -k. Let i = -17 - k. Is i prime?
True
Let h = 12 + -7. Let s(m) = 13*m - 6. Is s(h) prime?
True
Let m = -491 + 873. Is m a prime number?
False
Suppose 0 = -4*u - 5*c + c - 32, u = 3*c. Let l = u - -9. Suppose 150 = 4*p - 0*v - 2*v, v - 110 = -l*p. Is p composite?
False
Suppose -13634 - 3547 = -9*n. Is n prime?
False
Is 1100 - ((-1)/5 + 4/(-5)) prime?
False
Let j = -461 + 798. Is j a prime number?
True
Suppose -3*x - x = -4. Let s be 2/1 + 0 + x. Is 10 + 2 + s + 0 a prime number?
False
Let y be -1 + 2*(-3 + 5). Suppose 5*l = -r - y*r + 917, r + 3*l = 224. Is r prime?
True
Let x(d) = 3*d**3 - d**2. Let c be x(1). Let y be (-4)/6 + c/(-6). Let a(b) = -4*b - 1. Is a(y) composite?
False
Let y = -336 + 497. Is y a composite number?
True
Let h = 1279 - -252. Is h composite?
False
Let o be 0 + 7 + -1*2. Suppose 2*i + i - 274 = w, -369 = -4*i + o*w. Is i composite?
True
Let s be -4 + (0 - (-1)/1). Is ((-7)/3)/(s/207) composite?
True
Let n be (-2 - 20/(-4)) + 8955. Is n/22 - 12/66 a composite number?
True
Suppose 8*r + 20292 = 20*r. Is r prime?
False
Suppose 3*k = 4*s - 121, -k + 160 = 5*s + 4*k. Is s a prime number?
True
Let n(v) = v**3 + v**2 - v + 211. Is n(0) a composite number?
False
Let b = 1890 - 1075. Is b a composite number?
True
Is 1584 + 1 - (-11 + 13) composite?
False
Let g = 3 - -3. Let m(v) = -3*v - 1 - g*v - 2*v. Is m(-2) prime?
False
Suppose 132 + 136 = 4*t. Is t a prime number?
True
Suppose -5*g - 175 = -10*g. Is g a composite number?
True
Suppose 2*o = -0*o + 754. Is o prime?
False
Let p(z) = z**3 + 2*z**2 - 3*z + 2. Let i be p(-3). Suppose -6*c + 36 = -i*c. Is c composite?
True
Let u = 110 - 97. Is u composite?
False
Suppose -105 = -c - p + 6*p, -4*c - 3*p = -328. Is c prime?
False
Let v(j) = -2*j - 6. Let x be v(-5). Suppose 3*t - 2*f - 8 = 0, x*f - 2*f = -2. Is t/(-1)*(-119)/7 composite?
True
Let j be 8/(-28) - 2/(-7). Suppose -2*z + 7 = 5*l - 6, 5*z - 2*l + 11 = j. Is 8 + -1 + z - 2 a prime number?
False
Let b(j) = 157*j - 4. Let g be b(4). Is 3 - (-7)/(21/g) a composite number?
False
Let p = 1983 - 1046. Is p prime?
True
Let p(l) = -l**3 - 5*l**2 - l - 3. Let q be p(-5). Suppose 3 = -q*n - 3*c, n = -n - 4*c - 4. Suppose 4*m + 0*m = -5*j + 111, n = 2*j - 3*m - 26. Is j prime?
True
Suppose 7*g = 2*g - 115. Let s = -13 - g. Suppose 0 = -4*j + r + 457, -2*r + 0*r = s. Is j composite?
False
Suppose 2*p = 5*s - 0*p - 6917, 0 = -s - 3*p + 1397. Is s prime?
False
Suppose n = 2*w - 0*n - 12, 2*w + 2*n = 12. Let y = -1014 + 1858. Suppose w*c = 2*c + y. Is c a composite number?
False
Let d = -26 + 26. Let t = 134 + -76. Suppose 0 = -x - d*x + t. Is x a prime number?
False
Let y(o) = -5*o**2 - 15*o. Let q(l) = 11*l**2 + 31*l - 1. Let n(u) = 6*q(u) + 13*y(u). Let s be n(6). Let k = 47 + s. Is k prime?
True
Let q = -132 + 289. Is q composite?
False
Let r = -14 + 15. Let x be (0 + 2/4)*0. Suppose f - r - 2 = x. Is f composite?
False
Let r = -1 - -5. Let i = 27 - r. Is i a prime number?
True
Let c be -3 - (-1)/((-2)/(-20)). Let k(t) = -c + 5*t + 7. Is k(2) prime?
False
Let l be (-106)/(-2*3/(-6)). Let i = 183 + l. Is i composite?
True
Let m(i) = -i**3 + 5*i**2 - 4*i + 5. Let g be m(4). Suppose 298 = g*b - 3*b. Is b prime?
True
Let c = -3 - -82. Is c prime?
True
Suppose 0 = 3*x - 8*x. Suppose -5*t + 475 = 5*v, x = 2*v - v. Is t a composite number?
True
Let s(a) = 2*a**3 - 3*a**2 - a + 3. Suppose 4 = -q + 8. Is s(q) a composite number?
False
Let i(f) = -f**2 + 9*f - 9. Let w be i(7). Suppose -u + 4*r = -4*u + w, 0 = 4*u + r - 11. Let j = u - -1. Is j prime?
False
Let j(n) = -n**3 + 11*n**2 - 2*n + 2. Suppose -4*q - 41 + 17 = -2*t, 6 = t + 4*q. Is j(t) a prime number?
False
Is 37938/26 + (-6)/39 a prime number?
True
Let t = -2153 - -14592. Is t composite?
True
Let c = -388 + 117. Let x = -178 - c. Is x composite?
True
Let m(l) = 478*l - 1. Let v be m(2). Suppose 2*x = 7*x - v. Is x composite?
False
Let r(j) = 3*j**2 - 8. Is r(11) a composite number?
True
Let t(i) = i**2 + i - 2. Let c be t(2). Suppose u + 12 = c*u. Let y = 10 